st common factor of 636 and 52977540?
12
Calculate the greatest common factor of 2833758093 and 3119.
3119
What is the highest common factor of 1258416 and 125712?
1296
What is the greatest common factor of 8 and 161606688?
8
What is the greatest common factor of 279256 and 929464?
4168
Calculate the greatest common divisor of 920 and 12541624.
184
What is the highest common divisor of 25070 and 72680?
230
What is the greatest common factor of 135242 and 263280584?
7118
Calculate the greatest common factor of 203530012 and 7.
7
What is the highest common divisor of 31778132 and 268?
4
Calculate the highest common divisor of 14534235 and 170.
85
What is the greatest common factor of 4007166 and 42?
6
What is the highest common factor of 30 and 9597678?
6
What is the greatest common factor of 63758388 and 24?
12
Calculate the highest common divisor of 38340 and 2886860.
1420
What is the greatest common divisor of 383841716 and 3812?
3812
Calculate the greatest common factor of 115299 and 124211.
557
Calculate the greatest common divisor of 4439268 and 70020.
14004
What is the greatest common factor of 34034052 and 6960?
348
Calculate the greatest common divisor of 736 and 57648212.
92
Calculate the highest common divisor of 4046 and 1326374.
238
Calculate the greatest common divisor of 109695635 and 42399.
4711
Calculate the greatest common factor of 9061 and 3780484786.
9061
What is the highest common divisor of 1757232 and 3216?
48
Calculate the greatest common divisor of 1218 and 89838.
42
What is the greatest common factor of 55 and 18212744?
11
What is the highest common factor of 34701883 and 303?
101
Calculate the greatest common factor of 5364 and 11633324.
596
Calculate the greatest common factor of 133837 and 139127.
529
What is the greatest common divisor of 1938 and 5183067?
57
Calculate the greatest common divisor of 141591593 and 858.
143
What is the greatest common factor of 2435133 and 21072?
1317
Calculate the greatest common divisor of 66524870 and 2840.
710
What is the greatest common factor of 1126933651 and 17606?
8803
Calculate the greatest common divisor of 15026859 and 36.
9
What is the greatest common factor of 53 and 1066252675?
53
What is the greatest common factor of 176340186 and 5346?
594
Calculate the highest common factor of 508 and 82834861.
127
Calculate the highest common divisor of 844122 and 6773373.
1569
What is the greatest common divisor of 9579 and 130107?
93
What is the highest common divisor of 130 and 48415445?
65
What is the greatest common divisor of 17237024 and 13328?
784
Calculate the highest common factor of 9223236 and 17380.
44
What is the greatest common divisor of 30747 and 53148?
3
Calculate the highest common factor of 39 and 87089743.
13
What is the greatest common divisor of 5870952 and 22776?
1752
What is the greatest common factor of 37937075 and 25?
25
Calculate the highest common factor of 196806 and 132.
6
Calculate the highest common divisor of 216367 and 12871.
61
Calculate the highest common divisor of 62062 and 103509.
217
Calculate the highest common factor of 531088 and 5104.
16
What is the highest common divisor of 268859903 and 7774?
3887
Calculate the greatest common factor of 46248095 and 2643.
881
Calculate the greatest common factor of 552706 and 825.
11
What is the greatest common factor of 5172 and 559936236?
5172
Calculate the highest common divisor of 4186 and 40250.
322
What is the highest common divisor of 10779517 and 133?
133
Calculate the greatest common factor of 69387344 and 14872.
1352
Calculate the highest common factor of 235 and 8266031.
47
Calculate the highest common factor of 4568 and 198.
2
What is the highest common factor of 31244 and 662548?
292
What is the highest common divisor of 172559 and 3463219?
4013
What is the highest common factor of 13815717 and 163?
163
Calculate the highest common factor of 70 and 12541235.
35
What is the greatest common divisor of 366 and 379044606?
366
Calculate the highest common divisor of 2046338 and 86978.
314
Calculate the highest common divisor of 10697 and 36119.
19
Calculate the greatest common factor of 10914917 and 26.
13
What is the highest common factor of 165657066 and 37?
37
What is the highest common factor of 12 and 21751344?
12
What is the highest common factor of 1625 and 34288189?
13
What is the greatest common factor of 8540328 and 168?
24
Calculate the greatest common factor of 58575 and 2320725.
825
What is the highest common divisor of 5412 and 121408298?
902
Calculate the highest common divisor of 24 and 7632.
24
Calculate the greatest common factor of 536 and 30648748.
268
Calculate the highest common divisor of 1746827 and 110929.
1219
Calculate the greatest common factor of 7536379 and 31.
31
Calculate the highest common divisor of 569844572 and 27412.
3916
What is the highest common factor of 99616 and 197056?
32
Calculate the highest common divisor of 2511 and 404550.
279
What is the highest common divisor of 90 and 2370800?
10
Calculate the highest common factor of 386 and 9407978.
386
Calculate the highest common factor of 2414 and 5119952.
142
What is the greatest common divisor of 4023 and 225396?
27
What is the greatest common factor of 15205840 and 800?
80
What is the greatest common divisor of 372126 and 6828?
3414
What is the highest common divisor of 582 and 27818100?
6
What is the greatest common divisor of 4725 and 40215?
105
Calculate the highest common divisor of 903 and 8310309.
903
What is the greatest common divisor of 122013775 and 26?
13
Calculate the greatest common divisor of 1176 and 6714216.
24
Calculate the greatest common factor of 328854 and 1150.
46
Calculate the greatest common factor of 68022006 and 234.
78
Calculate the highest common divisor of 1070090 and 12005.
35
Calculate the greatest common divisor of 786 and 4166070.
6
Calculate the greatest common divisor of 20768 and 6823520.
352
Calculate the highest common divisor of 580325 and 21376.
167
What is the greatest common factor of 23199 and 117889167?
627
Calculate the highest common divisor of 39678 and 2084370.
102
What is the greatest common factor of 94 and 54216286?
94
Calculate the greatest common factor of 534 and 169203.
3
Calculate the highest common factor of 13375425 and 1155.
105
What is the highest common factor of 576 and 47351844?
36
What is the greatest common factor of 12 and 5246112?
12
Calculate the greatest common factor of 2482615808 and 8704.
8704
What is the greatest common factor of 3422 and 6033163?
59
Calculate the greatest common divisor of 256 and 10621696.
256
What is the greatest common factor of 757515 and 7095?
165
Calculate the highest common factor of 25308 and 12029736.
8436
Calculate the greatest common divisor of 175592 and 18424.
376
What is the greatest common divisor of 231 and 3618573?
21
Calculate the greatest common factor of 3327 and 314903877.
3327
Calculate the greatest common divisor of 41555350 and 9270.
1030
What is the highest common factor of 209 and 6953474?
11
Calculate the highest common factor of 174 and 29791294.
58
What is the greatest common factor of 52896 and 12457530?
174
Calculate the greatest common divisor of 1682906177 and 17.
17
What is the greatest common factor of 4576 and 804012?
44
What is the greatest common divisor of 7143809 and 3028?
757
What is the greatest common factor of 139628805 and 465?
465
Calculate the highest common divisor of 1387957084 and 5464.
2732
Calculate the highest common divisor of 9093627 and 4978.
131
What is the greatest common factor of 897 and 2574091?
299
What is the highest common divisor of 1028106 and 29643?
723
What is the highest common factor of 949 and 578025461?
949
What is the greatest common divisor of 3198 and 688472?
82
Calculate the highest common divisor of 1307 and 195463157.
1307
What is the greatest common factor of 54 and 18252702?
54
What is the highest common divisor of 68 and 2370157?
17
Calculate the highest common divisor of 7762565 and 20.
5
Calculate the highest common divisor of 72016286 and 2418.
62
Calculate the highest common divisor of 29373157 and 33.
11
What is the greatest common divisor of 2328 and 63303558?
582
Calculate the greatest common factor of 76720 and 816.
16
